base 7) in base 12?
a59
146113 (base 7) to base 16
6f70
What is -1101100111 (base 2) in base 15?
-3d1
What is 101032 (base 4) in base 15?
4d7
Convert -1373 (base 11) to base 13.
-a66
Convert -40400 (base 6) to base 13.
-256b
What is 12344 (base 5) in base 2?
1111001110
What is 3037 (base 8) in base 10?
1567
221 (base 11) to base 14
14d
-33320 (base 7) to base 14
-30b7
-3664 (base 8) to base 5
-30342
21034 (base 8) to base 5
234412
What is -40302 (base 5) in base 2?
-101000010001
Convert 2023112 (base 4) to base 7.
35000
8a4 (base 13) to base 6
10514
Convert -101000110011111 (base 2) to base 9.
-31586
Convert 185a (base 11) to base 14.
c0c
Convert 10203201 (base 4) to base 11.
13021
Convert 64a3 (base 13) to base 16.
36a7
Convert -9692 (base 13) to base 14.
-7894
-182 (base 13) to base 10
-275
-50 (base 13) to base 3
-2102
12190 (base 10) to base 7
50353
What is -1434313 (base 5) in base 8?
-73567
3663 (base 11) to base 14
1a60
What is -53 (base 11) in base 4?
-322
What is 1426 (base 10) in base 8?
2622
13b53 (base 13) to base 7
213050
Convert -126252 (base 8) to base 7.
-242604
What is 3b8 (base 14) in base 9?
1023
-4907 (base 11) to base 3
-22210210
Convert 128b (base 15) to base 12.
2358
Convert 752 (base 15) to base 4.
121310
18160 (base 14) to base 4
32303220
What is -1168 (base 9) in base 16?
-368
Convert 1011000010 (base 2) to base 9.
864
Convert 213050 (base 6) to base 11.
12193
3452 (base 7) to base 4
103232
Convert 833 (base 15) to base 16.
738
What is -ad (base 16) in base 3?
-20102
-1121212 (base 4) to base 13
-27c1
Convert 2ac (base 13) to base 10.
480
Convert 456 (base 10) to base 14.
248
-104224 (base 5) to base 7
-13520
-478 (base 16) to base 14
-5ba
What is -1011000100000100 (base 2) in base 9?
-68141
Convert 337 (base 8) to base 13.
142
What is -30212 (base 6) in base 16?
-f80
21145 (base 6) to base 7
11243
-21220022 (base 3) to base 6
-42355
111110011 (base 2) to base 4
13303
-5332 (base 6) to base 13
-71c
Convert -794 (base 15) to base 5.
-23324
-108 (base 13) to base 3
-20120
What is -2492 (base 11) in base 10?
-3247
What is -194a (base 15) in base 3?
-21111121
What is -c49d (base 16) in base 4?
-30102131
-636 (base 13) to base 11
-883
What is -11a0 (base 12) in base 10?
-1992
Convert -1101001011 (base 2) to base 14.
-443
-42152 (base 7) to base 9
-15208
882 (base 9) to base 15
332
What is 632 (base 7) in base 4?
10331
c0 (base 14) to base 2
10101000
What is 1472 (base 9) in base 5?
13433
What is -3220 (base 4) in base 9?
-277
10622 (base 10) to base 16
297e
What is -1110011 (base 2) in base 14?
-83
-53 (base 14) to base 3
-2201
-e37 (base 15) to base 5
-100302
Convert -3817 (base 10) to base 6.
-25401
Convert -21110 (base 3) to base 7.
-405
What is 355 (base 6) in base 3?
12022
What is 10121102 (base 3) in base 6?
20102
What is 102 (base 7) in base 8?
63
Convert 13220101 (base 4) to base 8.
75021
Convert -373 (base 15) to base 13.
-483
-6ad (base 15) to base 6
-11001
5658 (base 12) to base 15
2c82
What is -16034 (base 7) in base 15?
-14de
85a7 (base 15) to base 13
cb47
Convert -62460 (base 7) to base 15.
-4820
What is -2303 (base 4) in base 6?
-455
Convert 700 (base 8) to base 5.
3243
-2c5 (base 14) to base 15
-27a
-692 (base 14) to base 6
-10012
Convert 110031 (base 5) to base 13.
1939
What is -643 (base 7) in base 2?
-101000101
Convert -210221 (base 3) to base 7.
-1504
Convert 2196 (base 14) to base 8.
13270
What is -11011101100 (base 2) in base 10?
-1772
What is 11c02 (base 14) in base 10?
43514
Convert 124042 (base 5) to base 3.
20201101
Convert -23124 (base 8) to base 16.
-2654
-32250 (base 6) to base 16
-1146
Convert a46a (base 13) to base 7.
123165
What is -15215 (base 6) in base 15?
-ade
What is -10212202 (base 3) in base 11?
-2141
What is c9 (base 13) in base 3?
20010
-1052 (base 9) to base 10
-776
Convert 6039 (base 10) to base 5.
143124
Convert 30310 (base 7) to base 13.
346c
Convert 65 (base 11) to base 16.
47
Convert -110011011111101 (base 2) to base 15.
-7c2a
What is -33452 (base 10) in base 4?
-20022230
What is -aca (base 14) in base 13?
-c86
-416 (base 13) to base 12
-49b
824 (base 13) to base 11
1047
-110000011 (base 2) to base 6
-1443
-22110 (base 3) to base 11
-198
Convert 34d (base 16) to base 7.
2315
What is 10110111101 (base 2) in base 8?
2675
20b4a (base 12) to base 8
124152
What is -290 (base 11) in base 14?
-1a5
What is -102002 (base 4) in base 11?
-95a
Convert -1101010 (base 2) to base 10.
-106
Convert -b24 (base 16) to base 5.
-42402
-c17e (base 15) to base 3
-2002000202
319 (base 15) to base 2
1010111011
Convert -102313 (base 8) to base 6.
-421215
-717 (base 8) to base 16
-1cf
What is ab4e (base 15) in base 14?
d32b
Convert 432 (base 11) to base 9.
636
-220201 (base 4) to base 7
-10363
1461 (base 10) to base 12
a19
-1058 (base 13) to base 7
-6422
What is -9192 (base 10) in base 7?
-35541
770 (base 15) to base 13
9c3
What is -33304 (base 5) in base 12?
-1421
Convert 1264 (base 10) to base 15.
594
What is 17ab (base 13) in base 8?
6701
Convert -73 (base 11) to base 3.
-2222
What is -4166 (base 7) in base 16?
-5bd
What is 2611 (base 12) in base 6?
32021
What is -3002 (base 5) in base 6?
-1425
Convert 243c (base 13) to base 6.
35413
-3355 (base 6) to base 15
-37b
Convert 3e9 (base 16) to base 13.
5c0
Convert 11012202 (base 3) to base 8.
5777
Convert 1023222 (base 4) to base 11.
3702
-6266 (base 10) to base 3
-22121002
Convert -1482 (base 16) to base 13.
-250b
Convert 100011011001 (base 2) to base 16.
8d9
What is 1256 (base 8) in base 12?
492
Convert 43 (base 8) to base 2.
100011
-1313303 (base 4) to base 10
-7667
1ba (base 14) to base 9
440
Convert 2813 (base 9) to base 16.
846
-121531 (base 6) to base 5
-321113
-1332220 (base 4) to base 16
-1fa8
What is -2528 (base 9) in base 15?
-85e
-632c (base 13) to base 5
-414402
What is -13520 (base 10) in base 14?
-4cda
What is -14779 (base 10) in base 5?
-433104
Convert 99c5 (base 15) to base 4.
13331021
Convert 24516 (base 9) to base 4.
10001022
Convert -1065 (base 8) to base 15.
-27a
Convert 1021311 (base 4) to base 14.
1a17
Convert 7e (base 16) to base 12.
a6
What is -5675 (base 12) in base 14?
-36d3
What is -214a8 (base 12) in base 2?
-1010101110000000
What is -3232023 (base 4) in base 12?
-89a3
What is 1231320 (base 4) in base 12?
40a0
What is -132356 (base 7) in base 9?
-37118
Convert 8056 (base 16) to base 5.
2022404
Convert 16b6 (base 14) to base 6.
30520
-10011000100110 (base 2) to base 3
-111101201
What is 8a96 (base 13) in base 16?
4bbd
Convert -1010010111001010 (base 2) to base 15.
-c897
What is -5d (base 14) in base 3?
-10002
What is 2142 (base 7) in base 14?
3c9
What is 1212221 (base 3) in base 15?
61a
-c7a8 (base 13) to base 4
-12300211
Convert -35a (base 16) to base 14.
-454
Convert -4c9c (base 14) to base 15.
-3ecb
Convert 1545 (base 7) to base 5.
4441
What is -13211 (base 5) in base 9?
-1403
What is 1014114 (base 5) in base 13?
7841
14200 (base 10) to base 4
3131320
Convert d (base 15) to base 11.
12
Convert -2110101 (base 4) to base 15.
-2c29
-30311 (base 4) to base 14
-429
387 (base 9) to base 4
11002
Convert -220000 (base 5) to base 3.
-101021210
-68d7 (base 14) to base 10
-18221
What is -cd83 (base 14) in base 15?
-a82b
What is -1320222 (base 4) in base 8?
-17052
36a8 (base 15) to base 4
2311301
Convert 534 (base 13) to base 3.
1012220
Convert cc (base 14) to base 6.
500
Convert 1572 (base 9) to base 11.
9a0
168 (base 14) to base 12
200
What is 5942 (base 10) in base 14?
2246
1441 (base 13) to base 11
2220
3d2 (base 14) to base 15
367
What is 11443 (base 7) in base 4?
232123
What is 2450 (base 6) in base 9?
743
14222 (base 8) to base 14
2414
-4535 (base 7) to base 3
-2020212
What is 561 (base 16) in base 3?
1220000
Convert -130a (base 15) to base 7.
-14560
What is -1905a (base 11) in base 15?
-7d90
What is -37a (base 13) in base 16?
-260
-10010121 (base 3) to base 15
-a24
What is 1457 (base 12) in base 2?
100101000011
Convert -34a8 (base 15) to base 4.
-2232233
What is -101101100011 (base 2) in base 6?
-21255
5640 (base 9) to base 13
1b87
Convert -34124 (base 5) to base 7.
-10016
Convert 13cc (base 13) to base 9.
3841
b39 (base 13) to base 15
872
What is 1131 (base 10) in base 7?
3204
104 (base 8) to base 10
68
Convert -3612 (base